{"id":70,"date":"2015-01-22T09:17:00","date_gmt":"2015-01-22T08:17:00","guid":{"rendered":"http:\/\/xn--bjrnligan-17a.se\/intranet\/?page_id=70"},"modified":"2025-10-23T08:06:57","modified_gmt":"2025-10-23T06:06:57","slug":"medlemssnack","status":"publish","type":"page","link":"https:\/\/xn--bjrnligan-17a.se\/intranet\/medlemssnack\/","title":{"rendered":"Medlemssnack"},"content":{"rendered":"<h1>Medlemssnack<\/h1>\n<p>P\u00e5 denna sidan kan vi konversera med varandra, l\u00e4gga upp viktig information eller bara <em>&#8220;tj\u00f6ta lite&#8221;<\/em>&#8230;;-)<br \/>\n<em>(Bj\u00f6rn, jag visste inte riktigt vad jag skulle skriva h\u00e4r s\u00e5 du kan v\u00e4l hitta p\u00e5 en bra text h\u00e4r)<\/em><\/p>\n","protected":false},"excerpt":{"rendered":"<p>Medlemssnack P\u00e5 denna sidan kan vi konversera med varandra, l\u00e4gga upp viktig information eller bara &#8220;tj\u00f6ta lite&#8221;&#8230;;-) (Bj\u00f6rn, jag visste inte riktigt vad jag skulle skriva h\u00e4r s\u00e5 du kan v\u00e4l hitta p\u00e5 en bra text h\u00e4r)<\/p>\n","protected":false},"author":1,"featured_media":0,"parent":0,"menu_order":200,"comment_status":"open","ping_status":"closed","template":"","meta":{"ngg_post_thumbnail":0,"footnotes":""},"class_list":["post-70","page","type-page","status-publish","hentry"],"_links":{"self":[{"href":"https:\/\/xn--bjrnligan-17a.se\/intranet\/wp-json\/wp\/v2\/pages\/70","targetHints":{"allow":["GET"]}}],"collection":[{"href":"https:\/\/xn--bjrnligan-17a.se\/intranet\/wp-json\/wp\/v2\/pages"}],"about":[{"href":"https:\/\/xn--bjrnligan-17a.se\/intranet\/wp-json\/wp\/v2\/types\/page"}],"author":[{"embeddable":true,"href":"https:\/\/xn--bjrnligan-17a.se\/intranet\/wp-json\/wp\/v2\/users\/1"}],"replies":[{"embeddable":true,"href":"https:\/\/xn--bjrnligan-17a.se\/intranet\/wp-json\/wp\/v2\/comments?post=70"}],"version-history":[{"count":5,"href":"https:\/\/xn--bjrnligan-17a.se\/intranet\/wp-json\/wp\/v2\/pages\/70\/revisions"}],"predecessor-version":[{"id":665,"href":"https:\/\/xn--bjrnligan-17a.se\/intranet\/wp-json\/wp\/v2\/pages\/70\/revisions\/665"}],"wp:attachment":[{"href":"https:\/\/xn--bjrnligan-17a.se\/intranet\/wp-json\/wp\/v2\/media?parent=70"}],"curies":[{"name":"wp","href":"https:\/\/api.w.org\/{rel}","templated":true}]}}