{"id":41,"date":"2015-01-21T12:40:54","date_gmt":"2015-01-21T11:40:54","guid":{"rendered":"http:\/\/xn--bjrnligan-17a.se\/intranet\/?page_id=41"},"modified":"2026-03-26T17:57:14","modified_gmt":"2026-03-26T16:57:14","slug":"protokoll","status":"publish","type":"page","link":"https:\/\/xn--bjrnligan-17a.se\/intranet\/protokoll\/","title":{"rendered":"Protokoll"},"content":{"rendered":"<h1>Protokoll<\/h1>\n<table style=\"width: 100%; height: 1329px;\" cellspacing=\"10\" cellpadding=\"10\">\n<tbody>\n<tr style=\"height: 1329px;\">\n<td style=\"width: 34.5404%; height: 1329px; vertical-align: top;\">\n<h2>Styrelsem\u00f6ten<\/h2>\n<p>2015<br \/>\n<a href=\"https:\/\/xn--bjrnligan-17a.se\/intranet\/wp-content\/uploads\/2025\/10\/attachment-8.pdf\" target=\"_blank\" rel=\"noopener\">Styrelsem\u00f6te 151015<\/a><br \/>\n<a href=\"https:\/\/xn--bjrnligan-17a.se\/intranet\/wp-content\/uploads\/2025\/10\/attachment-9.pdf\" target=\"_blank\" rel=\"noopener\">Styrelsem\u00f6te 150922<\/a><\/p>\n<p>2016<br \/>\n<a href=\"https:\/\/xn--bjrnligan-17a.se\/intranet\/wp-content\/uploads\/2025\/10\/Styrelsemote-160114.pdf\" target=\"_blank\" rel=\"noopener\">Styrelsem\u00f6te 160114<\/a><br \/>\n<a href=\"https:\/\/xn--bjrnligan-17a.se\/intranet\/wp-content\/uploads\/2025\/10\/Styrelsemote-160309.pdf\" target=\"_blank\" rel=\"noopener\">Styrelsem\u00f6te 160309<\/a><br \/>\n<a href=\"https:\/\/xn--bjrnligan-17a.se\/intranet\/wp-content\/uploads\/2025\/10\/Styrelsemote-160413.pdf\" target=\"_blank\" rel=\"noopener\">Styrelsem\u00f6te 160413<\/a><br \/>\n<a href=\"https:\/\/xn--bjrnligan-17a.se\/intranet\/wp-content\/uploads\/2025\/10\/Styrelsemote-160607.pdf\" target=\"_blank\" rel=\"noopener\">Styrelsem\u00f6te 160607<\/a><br \/>\n<a href=\"https:\/\/xn--bjrnligan-17a.se\/intranet\/wp-content\/uploads\/2025\/10\/Styrelsemote-160907.pdf\" target=\"_blank\" rel=\"noopener\">Styrelsem\u00f6te 160907<\/a><br \/>\n<a href=\"https:\/\/xn--bjrnligan-17a.se\/intranet\/wp-content\/uploads\/2025\/10\/Styrelsemote-161020.pdf\" target=\"_blank\" rel=\"noopener\">Styrelsem\u00f6te 161020<\/a><\/p>\n<p>2017<br \/>\n<a href=\"https:\/\/xn--bjrnligan-17a.se\/intranet\/wp-content\/uploads\/2025\/10\/Styrelsemote-170112.pdf\" target=\"_blank\" rel=\"noopener\">Styrelsem\u00f6te 170112<\/a><br \/>\n<a href=\"https:\/\/xn--bjrnligan-17a.se\/intranet\/wp-content\/uploads\/2025\/10\/Styrelsemote-170315.pdf\" target=\"_blank\" rel=\"noopener\">Styrelsem\u00f6te 170315<\/a><br \/>\n<a href=\"https:\/\/xn--bjrnligan-17a.se\/intranet\/wp-content\/uploads\/2025\/10\/Styrelsemote-170820.pdf\" target=\"_blank\" rel=\"noopener\">Styrelsem\u00f6te 170820<\/a><br \/>\n<a href=\"https:\/\/xn--bjrnligan-17a.se\/intranet\/wp-content\/uploads\/2025\/10\/Styrelsemote-171011.pdf\" target=\"_blank\" rel=\"noopener\">Styrelsem\u00f6te 171011<\/a><\/p>\n<p>2018<br \/>\n<a href=\"https:\/\/xn--bjrnligan-17a.se\/intranet\/wp-content\/uploads\/2025\/10\/Styrelsemote-180111.pdf\" target=\"_blank\" rel=\"noopener\">Styrelsem\u00f6te 180111<\/a><br \/>\n<a href=\"https:\/\/xn--bjrnligan-17a.se\/intranet\/wp-content\/uploads\/2025\/10\/Styrelsemote-180314.pdf\" target=\"_blank\" rel=\"noopener\">Styrelsem\u00f6te 180314<\/a><br \/>\n<a href=\"https:\/\/xn--bjrnligan-17a.se\/intranet\/wp-content\/uploads\/2025\/10\/Styrelsemote-180531.pdf\" target=\"_blank\" rel=\"noopener\">Styrelsem\u00f6te 180531<\/a><br \/>\n<a href=\"https:\/\/xn--bjrnligan-17a.se\/intranet\/wp-content\/uploads\/2025\/10\/Styrelsemote-180913.pdf\" target=\"_blank\" rel=\"noopener\">Styrelsem\u00f6te 180913<\/a><\/p>\n<p>2019<br \/>\n<a href=\"https:\/\/xn--bjrnligan-17a.se\/intranet\/wp-content\/uploads\/2025\/10\/Styrelsemote-190228.pdf\" target=\"_blank\" rel=\"noopener\">Styrelsem\u00f6te 190228<\/a><br \/>\n<a href=\"https:\/\/xn--bjrnligan-17a.se\/intranet\/wp-content\/uploads\/2025\/10\/Styrelsemote-190508.pdf\" target=\"_blank\" rel=\"noopener\">Styrelsem\u00f6te 190508<\/a><br \/>\n<a href=\"https:\/\/xn--bjrnligan-17a.se\/intranet\/wp-content\/uploads\/2025\/10\/Styrelsemote-190829.pdf\" target=\"_blank\" rel=\"noopener\">Styrelsem\u00f6te 190829<\/a><br \/>\n<a href=\"https:\/\/xn--bjrnligan-17a.se\/intranet\/wp-content\/uploads\/2025\/10\/Styrelsemote-191127.pdf\" target=\"_blank\" rel=\"noopener\">Styrelsem\u00f6te 191127<\/a><\/p>\n<p>2020<br \/>\n<a href=\"https:\/\/xn--bjrnligan-17a.se\/intranet\/wp-content\/uploads\/2025\/10\/Styrelsemote-200115.pdf\" target=\"_blank\" rel=\"noopener\">Styrelsem\u00f6te 200115<\/a><\/p>\n<p>2021<br \/>\n<a href=\"http:\/\/xn--bjrnligan-17a.se\/intranet\/wp-content\/uploads\/2021\/11\/Styrelsemote-211114.pdf\">Styrelsem\u00f6te 211114<\/a><\/p>\n<p>2022<br \/>\n<a href=\"https:\/\/xn--bjrnligan-17a.se\/intranet\/wp-content\/uploads\/2022\/05\/Styrelsemote-220331.pdf\">Styrelsem\u00f6te 220331<\/a><br \/>\n<a href=\"https:\/\/xn--bjrnligan-17a.se\/intranet\/wp-content\/uploads\/2022\/10\/Styrelsemote-220612-.pdf\">Styrelsem\u00f6te 220612<\/a><br \/>\n<a href=\"https:\/\/xn--bjrnligan-17a.se\/intranet\/wp-content\/uploads\/2022\/10\/Styrelsemote-220922.pdf\">Styrelsem\u00f6te 220922<\/a><br \/>\n<a href=\"https:\/\/xn--bjrnligan-17a.se\/intranet\/wp-content\/uploads\/2023\/01\/Styrelsemote-221018.pdf\">Styrelsem\u00f6te 221018<\/a><br \/>\n<a href=\"https:\/\/xn--bjrnligan-17a.se\/intranet\/wp-content\/uploads\/2023\/01\/Styrelsemote-221102.pdf\">Styrelsem\u00f6te 221102<\/a><br \/>\n<a href=\"https:\/\/xn--bjrnligan-17a.se\/intranet\/wp-content\/uploads\/2023\/01\/Styrelsemote-221212.pdf\">Styrelsem\u00f6te 221212<\/a><\/p>\n<p>2023<br \/>\n<a href=\"https:\/\/xn--bjrnligan-17a.se\/intranet\/wp-content\/uploads\/2025\/10\/Protokoll-styrelsemote-19-januari-2023.pdf\" target=\"_blank\" rel=\"noopener\">Styrelsem\u00f6te 230119<\/a><br \/>\n<a href=\"https:\/\/xn--bjrnligan-17a.se\/intranet\/wp-content\/uploads\/2025\/10\/Protokoll-extra-styrelsemote-31-januari-2023.pdf\" target=\"_blank\" rel=\"noopener\">Styrelsem\u00f6te 230131<\/a><br \/>\n<a href=\"https:\/\/xn--bjrnligan-17a.se\/intranet\/wp-content\/uploads\/2023\/09\/Protokoll-styrelsemote-9-februari-2023-signerat.pdf\">Styrelsem\u00f6te 230209<\/a><br \/>\n<a href=\"https:\/\/xn--bjrnligan-17a.se\/intranet\/wp-content\/uploads\/2023\/09\/Protokoll-styrelsemote-11-maj-2023-undertecknat.pdf\">Styrelsem\u00f6te 230511<\/a><br \/>\n<a href=\"https:\/\/xn--bjrnligan-17a.se\/intranet\/wp-content\/uploads\/2025\/10\/Protokoll-styrelsemote-24-augusti-2023-2.pdf\" target=\"_blank\" rel=\"noopener\">Styrelsem\u00f6te 230824<\/a><br \/>\n<a href=\"https:\/\/xn--bjrnligan-17a.se\/intranet\/wp-content\/uploads\/2023\/10\/Protokoll-styrelsemote-18-oktober-2023-signerat.pdf\">Styrelsem\u00f6te 231018<\/a><br \/>\n<a href=\"https:\/\/xn--bjrnligan-17a.se\/intranet\/wp-content\/uploads\/2024\/09\/Styrelsemote-231120.pdf\">Styrelsem\u00f6te 231120<\/a><br \/>\n<a href=\"https:\/\/xn--bjrnligan-17a.se\/intranet\/wp-content\/uploads\/2024\/09\/Styrelsemote-231205.pdf\">Styrelsem\u00f6te 231205<\/a><\/p>\n<p>2024<br \/>\n<a href=\"https:\/\/xn--bjrnligan-17a.se\/intranet\/wp-content\/uploads\/2024\/09\/Styrelsemote-240201.pdf\">Styrelsem\u00f6te 240201<\/a><br \/>\n<a href=\"https:\/\/xn--bjrnligan-17a.se\/intranet\/wp-content\/uploads\/2024\/09\/Styrelsemote-240320.pdf\">Styrelsem\u00f6te 240320<\/a><br \/>\n<a href=\"https:\/\/xn--bjrnligan-17a.se\/intranet\/wp-content\/uploads\/2024\/09\/Styrelsemote-240516.pdf\">Styrelsem\u00f6te 240516<\/a><br \/>\n<a href=\"https:\/\/xn--bjrnligan-17a.se\/intranet\/wp-content\/uploads\/2024\/09\/Styrlesemote-240604.pdf\">Styrlesem\u00f6te 240604<\/a><br \/>\n<a href=\"https:\/\/xn--bjrnligan-17a.se\/intranet\/wp-content\/uploads\/2024\/09\/Styrelsemote-240829.pdf\">Styrelsem\u00f6te 240829<\/a><br \/>\n<a href=\"https:\/\/xn--bjrnligan-17a.se\/intranet\/wp-content\/uploads\/2024\/10\/Styrelsemote-241009.pdf\">Styrelsem\u00f6te 241009<\/a><br \/>\n<a href=\"https:\/\/xn--bjrnligan-17a.se\/intranet\/wp-content\/uploads\/2025\/01\/Styrelsemote-241127.pdf\">Styrelsem\u00f6te 241127<\/a><\/p>\n<p>2025<br \/>\n<a href=\"https:\/\/xn--bjrnligan-17a.se\/intranet\/wp-content\/uploads\/2025\/09\/Styrelsemote-250122.pdf\">Styrelsem\u00f6te 250122<\/a><br \/>\n<a href=\"https:\/\/xn--bjrnligan-17a.se\/intranet\/wp-content\/uploads\/2025\/09\/Styrelsemote-250402.pdf\">Styrelsem\u00f6te 250402<\/a><br \/>\n<a href=\"https:\/\/xn--bjrnligan-17a.se\/intranet\/wp-content\/uploads\/2025\/09\/Bjornligan-Protokoll-2025-08-19.pdf\">Styrelsem\u00f6te 250819<\/a><br \/>\n<a href=\"https:\/\/xn--bjrnligan-17a.se\/intranet\/styrelsemote-251001-4\/\">Styrelsem\u00f6te 251001<\/a><br \/>\n<a href=\"https:\/\/xn--bjrnligan-17a.se\/intranet\/wp-content\/uploads\/2025\/11\/Protokoll-styrelsemote-12-november-2025-signerat.pdf\" target=\"_blank\" rel=\"noopener\">Styrelsem\u00f6te 251112<\/a><\/p>\n<p>2026<\/p>\n<p><a href=\"https:\/\/xn--bjrnligan-17a.se\/intranet\/wp-content\/uploads\/2026\/03\/Protokoll-styrelsemote-21-januari-2026-signerat.pdf\">Styrelsem\u00f6te 260121<\/a><br \/>\n<a href=\"https:\/\/xn--bjrnligan-17a.se\/intranet\/wp-content\/uploads\/2026\/03\/Protokoll-Styrelsemote-Bjornligan-2026-02-11-signerat.pdf\">Styrelsem\u00f6te 260211<\/a><br \/>\n<a href=\"https:\/\/xn--bjrnligan-17a.se\/intranet\/wp-content\/uploads\/2026\/03\/Bjornligan-protokoll-extra-styrelsemote-2026-03-03-signerat.pdf\">Styrelsem\u00f6te 260303<\/a><br \/>\n<a href=\"https:\/\/xn--bjrnligan-17a.se\/intranet\/wp-content\/uploads\/2026\/03\/Bjornligan-Protokoll-Styrelsemote-2026-03-18-signerat.pdf\">Styrelsem\u00f6te 260318<\/a><\/p>\n<p>&nbsp;<\/p>\n<p>&nbsp;<\/p>\n<p>&nbsp;<\/p>\n<p>&nbsp;<\/p>\n<p>&nbsp;<\/p>\n<p>&nbsp;<\/td>\n<td style=\"width: 61.0028%; height: 1329px; vertical-align: top;\">\n<h2>\u00c5rsm\u00f6ten<\/h2>\n<p><a href=\"http:\/\/xn--bjrnligan-17a.se\/intranet\/wp-content\/uploads\/2015\/11\/attachment-9.docx\">\u00c5rsm\u00f6te 150922<\/a><br \/>\n<a href=\"https:\/\/xn--bjrnligan-17a.se\/intranet\/wp-content\/uploads\/2025\/10\/Arsmote-160913.pdf\" target=\"_blank\" rel=\"noopener\">\u00c5rsm\u00f6te 160913<\/a><br \/>\n<a href=\"https:\/\/xn--bjrnligan-17a.se\/intranet\/wp-content\/uploads\/2025\/10\/Arsmote-170919.pdf\" target=\"_blank\" rel=\"noopener\">\u00c5rsm\u00f6te 170919<\/a><br \/>\n<a href=\"https:\/\/xn--bjrnligan-17a.se\/intranet\/wp-content\/uploads\/2025\/10\/Arsmote-180918.pdf\" target=\"_blank\" rel=\"noopener\">\u00c5rsm\u00f6te 180918<\/a><br \/>\n<a href=\"https:\/\/xn--bjrnligan-17a.se\/intranet\/wp-content\/uploads\/2025\/10\/Arsmote-190917.pdf\" target=\"_blank\" rel=\"noopener\">\u00c5rsm\u00f6te 190917<\/a><br \/>\n<a href=\"http:\/\/xn--bjrnligan-17a.se\/intranet\/wp-content\/uploads\/2021\/11\/Protokoll-arsmote-2020-justerat.pdf\" target=\"_blank\" rel=\"noopener\">\u00c5rsm\u00f6te 202019<\/a><br \/>\n<a href=\"https:\/\/xn--bjrnligan-17a.se\/intranet\/wp-content\/uploads\/2025\/10\/Arsmote-20211026.pdf\" target=\"_blank\" rel=\"noopener\">\u00c5rsm\u00f6te 211026<\/a><br \/>\n<a href=\"https:\/\/xn--bjrnligan-17a.se\/intranet\/wp-content\/uploads\/2022\/10\/Arsmote-Bjornligan-2022.pdf\">\u00c5rsm\u00f6te 220917<\/a><br \/>\n<a href=\"https:\/\/xn--bjrnligan-17a.se\/intranet\/wp-content\/uploads\/2023\/09\/Arsmote-230905.pdf\">\u00c5rsm\u00f6te 230905<\/a><br \/>\n<a href=\"https:\/\/xn--bjrnligan-17a.se\/intranet\/wp-content\/uploads\/2024\/10\/Arsmote-240917.pdf\">\u00c5rsm\u00f6te 240917<\/a><br \/>\n<a href=\"https:\/\/xn--bjrnligan-17a.se\/intranet\/wp-content\/uploads\/2025\/10\/Protokoll-arsmote-250916.pdf\" target=\"_blank\" rel=\"noopener\">\u00c5rsm\u00f6te 250916<\/a><\/p>\n<h2>Bilagor till \u00e5rsm\u00f6te 2021<\/h2>\n<p><a href=\"https:\/\/xn--bjrnligan-17a.se\/intranet\/wp-content\/uploads\/2022\/04\/Verksamhetsberattelse-2020-21.pdf\">Verksamhetsber\u00e4ttelse 2020-21 <\/a><br \/>\n<a href=\"https:\/\/xn--bjrnligan-17a.se\/intranet\/wp-content\/uploads\/2022\/04\/Balansrapport-2021-06-30-kopia.pdf\">Balansrapport 2021-06-30<\/a><br \/>\n<a href=\"https:\/\/xn--bjrnligan-17a.se\/intranet\/wp-content\/uploads\/2022\/04\/Budget-och-utfall-2020-21-.pdf\">Budget och utfall 2020-21<\/a><br \/>\n<a href=\"https:\/\/xn--bjrnligan-17a.se\/intranet\/wp-content\/uploads\/2022\/04\/Eget-kapital-och-resultat-2020-21.pdf\">Eget kapital och resultat 2020-21<\/a><\/p>\n<h2>Bilagor till \u00e5rsm\u00f6te 2023<\/h2>\n<p><a href=\"https:\/\/xn--bjrnligan-17a.se\/intranet\/wp-content\/uploads\/2023\/09\/Verksamhetsberattelse-2023.pdf\">Verksamhetsber\u00e4ttelse 2023<\/a><br \/>\n<a href=\"https:\/\/xn--bjrnligan-17a.se\/intranet\/wp-content\/uploads\/2023\/09\/Balansrapport-per-2023-06-30.pdf\">Balansrapport per 2023-06-30<\/a><br \/>\n<a href=\"https:\/\/xn--bjrnligan-17a.se\/intranet\/wp-content\/uploads\/2023\/09\/Budget-och-utfall-per-aktivitet-2022-23-2.pdf\">Budget och utfall per aktivitet 2022-23-2<\/a><br \/>\n<a href=\"https:\/\/xn--bjrnligan-17a.se\/intranet\/wp-content\/uploads\/2023\/09\/Eget-kapital-och-resultat-2022-23.pdf\">Eget kapital och resultat 2022-23<\/a><br \/>\n<a href=\"https:\/\/xn--bjrnligan-17a.se\/intranet\/wp-content\/uploads\/2023\/09\/Budget-2023-24-.pdf\">Budget 2023-24<\/a><\/p>\n<h2>Bilagor till \u00e5rsm\u00f6te 2024<\/h2>\n<p><span style=\"font-family: inherit; font-size: inherit;\">De flesta bilagorna ligger sammanfogade med protokollet.<br \/>\n<\/span><a href=\"https:\/\/xn--bjrnligan-17a.se\/intranet\/wp-content\/uploads\/2024\/10\/Verksamhetsberattelse-2023-2024.pdf\">Verksamhetsber\u00e4ttelse 2023 2024<\/a><\/p>\n<p>&nbsp;<\/p>\n<p>&nbsp;<\/p>\n<p>&nbsp;<\/p>\n<p>&nbsp;<\/p>\n<p>&nbsp;<\/p>\n<p>&nbsp;<\/td>\n<\/tr>\n<\/tbody>\n<\/table>\n<p>&nbsp;<\/p>\n","protected":false},"excerpt":{"rendered":"<p>Protokoll Styrelsem\u00f6ten 2015 Styrelsem\u00f6te 151015 Styrelsem\u00f6te 150922 2016 Styrelsem\u00f6te 160114 Styrelsem\u00f6te 160309 Styrelsem\u00f6te 160413 Styrelsem\u00f6te 160607 Styrelsem\u00f6te 160907 Styrelsem\u00f6te 161020 2017 Styrelsem\u00f6te 170112 Styrelsem\u00f6te 170315 Styrelsem\u00f6te 170820 Styrelsem\u00f6te 171011 2018 Styrelsem\u00f6te 180111 Styrelsem\u00f6te 180314 Styrelsem\u00f6te 180531 Styrelsem\u00f6te 180913 2019 Styrelsem\u00f6te 190228 Styrelsem\u00f6te 190508 Styrelsem\u00f6te 190829 Styrelsem\u00f6te 191127 2020 Styrelsem\u00f6te 200115 2021 Styrelsem\u00f6te 211114 2022 Styrelsem\u00f6te  [&#8230;]<\/p>\n","protected":false},"author":3,"featured_media":0,"parent":0,"menu_order":2,"comment_status":"open","ping_status":"closed","template":"","meta":{"ngg_post_thumbnail":0,"footnotes":""},"class_list":["post-41","page","type-page","status-publish","hentry"],"_links":{"self":[{"href":"https:\/\/xn--bjrnligan-17a.se\/intranet\/wp-json\/wp\/v2\/pages\/41","targetHints":{"allow":["GET"]}}],"collection":[{"href":"https:\/\/xn--bjrnligan-17a.se\/intranet\/wp-json\/wp\/v2\/pages"}],"about":[{"href":"https:\/\/xn--bjrnligan-17a.se\/intranet\/wp-json\/wp\/v2\/types\/page"}],"author":[{"embeddable":true,"href":"https:\/\/xn--bjrnligan-17a.se\/intranet\/wp-json\/wp\/v2\/users\/3"}],"replies":[{"embeddable":true,"href":"https:\/\/xn--bjrnligan-17a.se\/intranet\/wp-json\/wp\/v2\/comments?post=41"}],"version-history":[{"count":76,"href":"https:\/\/xn--bjrnligan-17a.se\/intranet\/wp-json\/wp\/v2\/pages\/41\/revisions"}],"predecessor-version":[{"id":1912,"href":"https:\/\/xn--bjrnligan-17a.se\/intranet\/wp-json\/wp\/v2\/pages\/41\/revisions\/1912"}],"wp:attachment":[{"href":"https:\/\/xn--bjrnligan-17a.se\/intranet\/wp-json\/wp\/v2\/media?parent=41"}],"curies":[{"name":"wp","href":"https:\/\/api.w.org\/{rel}","templated":true}]}}